f(-1)?
4
Let t(z) = 2835*z - 16985. What is t(6)?
25
Let a(l) = 649*l - 29188. What is a(45)?
17
Let c(m) = 165*m + 21277. Give c(-129).
-8
Let w(l) = -8*l**2 + 20*l + 17. What is w(4)?
-31
Let f(g) = 257*g - 3368. Determine f(13).
-27
Let w(f) = -6*f**2 - 129*f + 528. What is w(4)?
-84
Let v(k) = 2*k**2 - 40*k + 11. Give v(19).
-27
Let k(w) = w**3 - 69*w**2 - 67*w - 238. What is k(70)?
-28
Let l(v) = 28*v - 580. Give l(15).
-160
Let i(g) = -18*g + 522. Determine i(42).
-234
Let k(p) = -8*p**2 - 66*p + 67. Calculate k(1).
-7
Let v(k) = -k**3 + 8*k**2 - 20*k + 117. Determine v(7).
26
Let w(q) = -13*q - 141. Calculate w(-15).
54
Let u(h) = -h**2 + 61*h - 940. What is u(29)?
-12
Let a(q) = -q**2 + 4*q - 16. Determine a(-4).
-48
Let g(s) = -23*s**2 - 246*s - 21. What is g(-11)?
-98
Let r(x) = x**2 + 81*x - 1003. Give r(11).
9
Let s(b) = -16*b**3 + b**2 - b. Determine s(1).
-16
Let u(o) = -21*o + 6. What is u(6)?
-120
Let b(s) = s**3 - 5*s**2 - 5*s + 28. Determine b(2).
6
Let l(f) = f**3 - 8*f**2 - 4*f + 67. What is l(0)?
67
Let w(l) = l**3 + 58*l**2 - 117*l + 171. Give w(-60).
-9
Let c(b) = 37*b - 166. Determine c(4).
-18
Let r(a) = -280*a**2 + 6*a - 6. Calculate r(1).
-280
Let i(q) = -2*q**2 - 2*q - 23. Determine i(9).
-203
Let t(r) = -3*r**2 + 47*r - 220. Give t(12).
-88
Let i(j) = j**2 - 42*j - 39. Determine i(-1).
4
Let a(w) = w**3 - 2*w**2 + 22*w - 37. What is a(2)?
7
Let d(t) = 4*t**3 - 32*t**2 + 37*t - 186. What is d(7)?
-123
Let z(v) = -2*v**2 - 8*v + 4. Determine z(9).
-230
Let u(s) = s**2 + 9*s - 32. Give u(2).
-10
Let v(n) = 8*n**3 + 106*n**2 - 107*n + 2. Determine v(1).
9
Let m(q) = 3*q**3 + 4*q**2 + 4*q - 8. What is m(0)?
-8
Let u(p) = -p**3 - 6*p**2 + 12*p - 10. Give u(-9).
125
Let y(c) = 7*c**2 - 173*c + 811. What is y(6)?
25
Let s(x) = 3*x + 294. What is s(-31)?
201
Let s(y) = 526*y - 530. Give s(1).
-4
Let h(a) = -a**3 + 12*a**2 + 2*a - 138. Calculate h(11).
5
Let l(k) = -5*k**3 + 3*k**2 - 16*k - 61. What is l(-3)?
149
Let r(f) = -f**2 + 30*f + 29. Calculate r(30).
29
Let c(g) = -g**3 - 22*g**2 - 702*g - 16677. Give c(-23).
-2
Let z(o) = 36*o - 74. Calculate z(2).
-2
Let i(m) = -149*m + 1257. Determine i(8).
65
Let d(r) = -386*r + 13131. Give d(34).
7
Let v(i) = -i**3 + 6*i**2 - 9*i + 6. Determine v(2).
4
Let m(a) = -a**3 + 183*a**2 + 749*a - 197. Give m(187).
-10
Let y(a) = -13*a**3 + 21*a**2 - 50*a - 10. Calculate y(2).
-130
Let o(j) = 134*j**2 + 6432*j - 112. Calculate o(-48).
-112
Let s(b) = 1306*b + 26058. Give s(-20).
-62
Let j(p) = -p**3 + 12*p**2 + 454*p - 5739. Give j(13).
-6
Let t(u) = -3*u**2 - 25*u - 46. Give t(-15).
-346
Let y(v) = -10*v**3 - 100*v**2 + 26*v + 255. Give y(-10).
-5
Let u(b) = 13*b**2 + 1097*b + 427. Calculate u(-84).
7
Let i(k) = k**2 + 35*k - 6021. What is i(-97)?
-7
Let o(p) = p**3 - 18*p**2 + 2*p + 265. Calculate o(17).
10
Let f(y) = 210*y**3 - y + 2. Give f(1).
211
Let o(i) = 72*i - 78. Determine o(2).
66
Let l(q) = -q**2 + 7*q - 1. Give l(4).
11
Let r(u) = 31*u**2 - 19*u - 62. Determine r(-3).
274
Let o(f) = 138*f - 5613. Calculate o(40).
-93
Let f(k) = -3*k**3 - 302*k**2 + 110*k + 905. Give f(-101).
-4
Let n(o) = -2*o**2 + 129*o - 1733. Determine n(19).
-4
Let q(b) = -3*b**3 + 4*b**2 - 76*b + 7. Determine q(0).
7
Let i(t) = 10*t**2 - 15*t - 12. Determine i(5).
163
Let b(v) = -v**3 + 32*v**2 + 181*v + 5. What is b(-5)?
25
Let h(n) = n**3 - 9*n**2 - 626*n - 22. Calculate h(30).
98
Let o(j) = -j**3 + 30*j**2 - 192*j - 238. Determine o(19).
85
Let q(l) = -5*l + 114. Determine q(18).
24
Let m(r) = 670*r + 2672. Calculate m(-4).
-8
Let c(i) = i**3 - 6*i**2 + i - 72. Calculate c(7).
-16
Let i(a) = a**2 + 762*a + 61643. Determine i(-92).
3
Let z(y) = -2*y**3 - 18*y**2 + 11*y - 8. Give z(4).
-380
Let a(m) = 2*m**2 + 16*m + 23. What is a(-5)?
-7
Let t(v) = v - 25. Calculate t(16).
-9
Let f(k) = k**2 - 10*k + 3. Give f(1).
-6
Let z(m) = -1862*m + 35375. Determine z(19).
-3
Let p(q) = 103*q**2 + 51*q + 90. Determine p(-2).
400
Let r(z) = 20*z**2 - 51*z - 103. Give r(-2).
79
Let w(g) = g**2 + 152*g - 1112. Calculate w(-159).
1
Let f(y) = -8*y**3 - 6*y**2 - 12*y + 52. Give f(3).
-254
Let s(t) = 17*t - 323. What is s(51)?
544
Let q(r) = -133*r - 3987. Calculate q(-31).
136
Let r(y) = y**3 - 19*y**2 - y + 30. Calculate r(19).
11
Let i(a) = -7*a**3 - 4*a**2 - 8*a - 5. Give i(-1).
6
Let f(h) = h**3 - 29*h**2 + 57*h - 57. Give f(27).
24
Let j(w) = 77*w + 1223. Calculate j(-16).
-9
Let q(o) = -o**3 - 194*o**2 - 383*o + 235. Give q(-192).
43
Let j(b) = b**3 + 20*b**2 + 11*b + 79. What is j(-19)?
231
Let l(z) = 9*z**3 + 36*z**2 - 260*z - 1046. Calculate l(-4).
-6
Let c(s) = -39*s + 1665. Give c(36).
261
Let w(d) = -d**2 + 16*d - 47. Determine w(7).
16
Let o(i) = -i**3 - 133*i**2 + 134*i + 1. Determine o(-134).
1
Let s(a) = -7*a**2 + 31*a + 153. Give s(-5).
-177
Let q(u) = -u**2 + 59*u - 830. What is q(43)?
-142
Let s(r) = r**2 - 2*r - 1529. Give s(40).
-9
Let h(q) = -15*q**2 + 51*q - 21. Calculate h(3).
-3
Let v(s) = -510*s + 4613. Calculate v(9).
23
Let g(f) = -f**3 + 137*f**2 + 443*f - 3215. Determine g(140).
5
Let j(m) = 4*m**2 - 145*m - 105. Calculate j(37).
6
Let z(c) = -28*c - 308. Give z(-11).
0
Let p(a) = a**3 + 29*a**2 + 76*a - 607. Determine p(-25).
-7
Let j(t) = -2*t**3 - 9*t**2 - 8*t + 20. What is j(-6)?
176
Let j(k) = -k**3 + 47*k**2 - 93*k + 85. Calculate j(45).
-50
Let n(k) = -51*k - 29. Determine n(0).
-29
Let t(o) = 696*o + 1395. Determine t(-2).
3
Let d(k) = -k**3 + 27*k**2 + 219*k - 690. What is d(33)?
3
Let n(f) = -44*f - 343. Calculate n(-13).
229
Let t(b) = -b**3 - 7*b**2 - b + 72. Give t(6).
-402
Let z(p) = -p**3 + 14*p**2 - 4*p - 41. Determine z(14).
-97
Let b(y) = -13*y + 47. Give b(30).
-343
Let b(q) = -3*q**2 + 35*q - 18. Give b(11).
4
Let m(f) = -33*f - 83. Give m(-4).
49
Let i(t) = 26*t**3 + 1249*t**2 + 50*t + 93. Give i(-48).
-3
Let t(i) = -30*i**2 - 275*i - 62. Give t(-9).
-17
Let x(c) = c**3 + 16*c**2 - 17*c - 144. What is x(-17)?
-144
Let g(c) = 57*c**2 + 738*c - 15. Calculate g(-13).
24
Let f(z) = -z**3 - 74*z**2 - 130*z + 1009. Calculate f(-72).
1
Let f(a) = 8869*a + 44345. Calculate f(-5).
0
Let b(i) = -i**3 + 7*i**2 + 79*i - 428. What is b(5)?
17
Let c(b) = 572*b - 9728. Determine c(17).
-4
Let p(k) = k**3 - 55*k**2 - k - 232. Determine p(55).
-287
Let c(r) = r**2 + 9*r - 18. Calculate c(-9).
-18
Let o(x) = -x**3 + 8*x**2 - 10*x - 31. Determine o(8).
-111
Let l(k) = k**2 - 7*k - 3055. Give l(59).
13
Let n(s) = 41*s**2 - 565*s - 154. What is n(14)?
-28
Let a(t) = -t**3 + 23*t**2 + 32*t - 1634. What is a(20)?
206
Let x(u) = -u**3 + 9*u**2 - 5*u + 1. Determine x(7).
64
Let v(d) = 2*d**3 - 193*d**2 - 274*d - 1954. Give v(98).
6
Let k(d) = 4*d + 4. What is k(-8)?
-28
Let o(g) = -8*g**2 - 29*g + 42. Give o(-7).
-147
Let k(i) = -572*i - 3543. Determine k(-6).
-111
Let d(c) = -c**2 - 12*c - 105. Give d(-7).
-70
Let c(b) = -b**2 + 26*b - 57. Calculate c(24).
-9
Let g(b) = -2*b**2 + 36*b - 73. What is g(4)?
39
Let m(n) = -615*n + 3687. Calculate m(6).
-3
Let l(f) = f**3 + 28*f**2 + 28*f. Calculate l(-27).
-27
Let p(k) = -k**2 - 80*k - 456. Determine p(-63).
615
Let i(j) = -29*j**2 - 223*j + 252. Determine i(-8).
180
Let p(g) = 6*g**2 - 5*g + 2. Give p(5).
127
Let b(x) = 2*x**2 + 60*x + 23. Determine b(-30).
23
Let o(v) = 44*v - 496. Give o(11).
-12
Let g(f) = f**2 + 7*f - 238. Determine g(-19).
-10
Let g(l) = -l**2 - 24*l - 129. What is g(-20)?
-49
Let k(c) = -8*c**2 - 42*c + 85. Calculate k(-10).
-295
Let r(z) = z**2 + 58*z + 240. Determine r(-59).
299
Let h(b) = -3*b**2 - 103*b - 48. Determine h(-34).
-14
Let y(x) = x**3 + 3*x**2 - 9*x + 1. Give y(-6).
-53
Let h(o) = 4*o**2 + 36*o - 35. Determine h(-10).
5
Let b(y) = -31*y + 1022. Calculate b(33).
-1
Let o(a) = -a**2 - 142*a + 763. Calculate o(5).
28
Let g(o) = -3*o - 15. Give g(-8).
9
Let r(w) = 9*w**2 + 91*w - 633. Give r(5).
47
Let g(n) = -374*n + 1858. Calculate g(5).
-12
Let b(a) = -26*a - 37. Calculate b(-3).
41
Let a(p) = 143*p + 1153. Give a(-8).
9
Let f(g) = -23*g + 85. What is f(4)?
-7
Let u(o) = -33*o**3 - o**2 - 10*o + 13. Calculate u(2).
-275
Let q(v) = 55*v - 4666. Calculate q(74).
-596
Let c(m) = 2*m**2 - 23*m - 62. Calculate c(14).
8
Let x(u) = 489*u - 17. Give x(0).
-17
Let f(n) = 449*n - 23345. Determine f(52).
3
Let